{"id":93,"date":"2021-04-29T16:13:05","date_gmt":"2021-04-29T14:13:05","guid":{"rendered":"http:\/\/sophrologie-cap-sizun.fr\/?page_id=93"},"modified":"2021-05-06T10:33:42","modified_gmt":"2021-05-06T08:33:42","slug":"qui-je-suis","status":"publish","type":"page","link":"https:\/\/sophrologie-cap-sizun.fr\/index.php\/qui-je-suis\/","title":{"rendered":"Qui je suis"},"content":{"rendered":"<style type=\"text\/css\"><\/style>\n<h2 class=\"has-text-color\" style=\"color:#539e04\">Qui je suis<\/h2>\n\n\n\n<p class=\"has-medium-font-size\"><\/p>\n\n\n\n<div class=\"wp-block-media-text alignwide has-media-on-the-right is-stacked-on-mobile\" style=\"grid-template-columns:auto 28%\"><figure class=\"wp-block-media-text__media\"><img loading=\"lazy\" width=\"277\" height=\"413\" src=\"http:\/\/sophrologie-cap-sizun.fr\/wp-content\/uploads\/2021\/04\/image3-1.png\" alt=\"\" class=\"wp-image-149 size-full\" srcset=\"https:\/\/sophrologie-cap-sizun.fr\/wp-content\/uploads\/2021\/04\/image3-1.png 277w, https:\/\/sophrologie-cap-sizun.fr\/wp-content\/uploads\/2021\/04\/image3-1-201x300.png 201w\" sizes=\"(max-width: 277px) 100vw, 277px\" \/><\/figure><div class=\"wp-block-media-text__content\">\n<p class=\"has-text-color has-medium-font-size\" style=\"color:#111111\">Nous avons toutes et tous nos parcours de vie, bien singuliers. Nous pouvons \u00e0 tout moment de vie, d\u00e9cider d&rsquo;en \u00eatre actrices et acteurs.<\/p>\n\n\n\n<p class=\"has-text-color has-medium-font-size\" style=\"color:#111111\">Soyez vous-m\u00eame, les autres sont d\u00e9j\u00e0 pris&#8230; (Oscar Wilde).&nbsp;<\/p>\n<\/div><\/div>\n\n\n\n<p class=\"has-text-color has-large-font-size\" style=\"color:#539e04\">Lire mon histoire<\/p>\n\n\n\n<p class=\"has-text-color has-medium-font-size\" style=\"color:#111111\">Depuis toujours, je suis attir\u00e9e par les autres et leurs besoins, en qu\u00eate de les aider \u00e0 mettre en \u0153uvre leurs projets, ou tout simplement de viser un mieux-\u00eatre pour qu&rsquo;ils puissent se sentir au mieux dans leurs corps et leurs t\u00eates. Qu&rsquo;il s&rsquo;agisse de les accompagner vers l&rsquo;interrupteur du bonheur, parfois si facile \u00e0 enclencher, ou de prendre le temps de le trouver&#8230;&nbsp;<br>Voil\u00e0 pourquoi, j&rsquo;ai choisi d&rsquo;\u00eatre \u00e9ducatrice sp\u00e9cialis\u00e9e, m\u00e9tier dont j&rsquo;ai pu d\u00e9couvrir les multiples facettes avec des moments de joie, de passion, d&rsquo;apprentissages intenses, mais aussi de doutes.<br>Ces ann\u00e9es de pratique m&rsquo;ont donn\u00e9 l&rsquo;envie d&rsquo;aller plus loin et de proposer un accompagnement plus individualis\u00e9 et plus adapt\u00e9 \u00e0 chaque individu, adulte, enfant, ou adolescent, \u00e0 travers une th\u00e9rapie br\u00e8ve orient\u00e9 solution : la sophrologie.<\/p>\n\n\n\n<figure class=\"wp-block-image size-large is-resized\"><img loading=\"lazy\" src=\"http:\/\/sophrologie-cap-sizun.fr\/wp-content\/uploads\/2021\/04\/20191124_101451-1-768x1024.jpg\" alt=\"\" class=\"wp-image-151\" width=\"497\" height=\"662\" srcset=\"https:\/\/sophrologie-cap-sizun.fr\/wp-content\/uploads\/2021\/04\/20191124_101451-1-768x1024.jpg 768w, https:\/\/sophrologie-cap-sizun.fr\/wp-content\/uploads\/2021\/04\/20191124_101451-1-225x300.jpg 225w, https:\/\/sophrologie-cap-sizun.fr\/wp-content\/uploads\/2021\/04\/20191124_101451-1-1152x1536.jpg 1152w, https:\/\/sophrologie-cap-sizun.fr\/wp-content\/uploads\/2021\/04\/20191124_101451-1-1536x2048.jpg 1536w, https:\/\/sophrologie-cap-sizun.fr\/wp-content\/uploads\/2021\/04\/20191124_101451-1-580x773.jpg 580w, https:\/\/sophrologie-cap-sizun.fr\/wp-content\/uploads\/2021\/04\/20191124_101451-1-820x1093.jpg 820w, https:\/\/sophrologie-cap-sizun.fr\/wp-content\/uploads\/2021\/04\/20191124_101451-1-1160x1547.jpg 1160w, https:\/\/sophrologie-cap-sizun.fr\/wp-content\/uploads\/2021\/04\/20191124_101451-1-scaled.jpg 1920w\" sizes=\"(max-width: 497px) 100vw, 497px\" \/><\/figure>\n","protected":false},"excerpt":{"rendered":"<p>Qui je suis Nous avons toutes et tous nos parcours de vie, bien singuliers. Nous pouvons \u00e0 tout moment de vie, d\u00e9cider d&rsquo;en \u00eatre actrices et acteurs. Soyez vous-m\u00eame, les autres sont d\u00e9j\u00e0 pris&#8230; (Oscar Wilde).&nbsp; Lire mon histoire Depuis toujours, je suis attir\u00e9e par les autres et leurs besoins, en qu\u00eate de les aider&#8230;<\/p>\n","protected":false},"author":1,"featured_media":0,"parent":0,"menu_order":2,"comment_status":"closed","ping_status":"closed","template":"","meta":[],"_links":{"self":[{"href":"https:\/\/sophrologie-cap-sizun.fr\/index.php\/wp-json\/wp\/v2\/pages\/93"}],"collection":[{"href":"https:\/\/sophrologie-cap-sizun.fr\/index.php\/wp-json\/wp\/v2\/pages"}],"about":[{"href":"https:\/\/sophrologie-cap-sizun.fr\/index.php\/wp-json\/wp\/v2\/types\/page"}],"author":[{"embeddable":true,"href":"https:\/\/sophrologie-cap-sizun.fr\/index.php\/wp-json\/wp\/v2\/users\/1"}],"replies":[{"embeddable":true,"href":"https:\/\/sophrologie-cap-sizun.fr\/index.php\/wp-json\/wp\/v2\/comments?post=93"}],"version-history":[{"count":6,"href":"https:\/\/sophrologie-cap-sizun.fr\/index.php\/wp-json\/wp\/v2\/pages\/93\/revisions"}],"predecessor-version":[{"id":187,"href":"https:\/\/sophrologie-cap-sizun.fr\/index.php\/wp-json\/wp\/v2\/pages\/93\/revisions\/187"}],"wp:attachment":[{"href":"https:\/\/sophrologie-cap-sizun.fr\/index.php\/wp-json\/wp\/v2\/media?parent=93"}],"curies":[{"name":"wp","href":"https:\/\/api.w.org\/{rel}","templated":true}]}}